Suppose -65*w = -l*w - 6. What is the tens digit of 71 - (-1)/1 - w?
7
Let h(u) = u**3 + 88*u**2 - 7*u + 482. What is the tens digit of h(-87)?
6
Let l(g) = 18022*g**2 + 25*g + 18. What is the units digit of l(2)?
6
Let w(x) = x**3 + 6*x**2 + 4*x - 2. Let f be w(-3). Suppose f*p = 9*p + 20. Suppose d - t - 21 = 0, 4*t = -p*d + 7 + 107. What is the tens digit of d?
2
Let i(y) = -6*y - 12. Let u(q) = -2*q**2 + 3*q + 11. Let m(v) = -3*i(v) - 4*u(v). Suppose 1 = 4*a - o - 2*o, 5*o - 21 = a. What is the hundreds digit of m(a)?
1
Let d(p) = -316*p - 14. Let f(l) = -317*l - 13. Let t(i) = 6*d(i) - 5*f(i). What is the hundreds digit of t(-1)?
2
Let y be 3*(-12)/(-30)*-10. Let d(v) = v**3 + 14*v**2 - 13*v + 15. What is the hundreds digit of d(y)?
4
Let g(s) = s**2 + 4*s + 12. Let h be g(-9). Let c = h - 67. What is the tens digit of c*((-36)/15 + 0)?
2
Let w = -82 - -75. Let y be -2 + -3 + 2 - w - -33. Suppose 6*j - 529 = -y. What is the units digit of j?
2
Suppose -93*d - 1020 = -99*d. Let p = 294 - d. What is the hundreds digit of p?
1
Let j(s) = 140*s**2 + 10*s - 8. Let n be j(-4). Let c = 3330 - n. What is the tens digit of c?
3
Suppose 0*g = -5*g + 15. Let p be (1 - (-64)/(-3)) + 1/g. What is the units digit of (-1956)/p - 3/(-15)?
8
Suppose 3349 - 1033 = 6*q. Let t = -707 + q. Let m = -100 - t. What is the tens digit of m?
2
Let s(t) = -990*t - 5. What is the hundreds digit of s(-5)?
9
What is the tens digit of 2/4 + 1616496/224?
1
Let m = 29520 + -15089. What is the units digit of m?
1
Suppose -5*x + 3*r = 8*r - 85, 4*x - 4*r = 76. Let i = x - 14. Suppose -i*c - c = 5*b - 40, 0 = 3*b - c - 8. What is the units digit of b?
4
What is the units digit of ((-6)/(-2))/((-7)/68110*-2)?
5
Let z = -307 - -189. Let k = -118 - z. What is the units digit of (224/(-280))/((-2)/70 + k)?
8
Let l(r) = 973*r**2 + 65*r + 287. What is the tens digit of l(-6)?
2
Suppose -z + 2 = -0*i + 2*i, 3*z = -6. Suppose 2143 = 2*x + 3*x - y, -847 = -i*x - 3*y. Suppose f - x = -3*f. What is the hundreds digit of f?
1
Suppose -4 = -w + 4*t, -6 + 2 = 2*w + 4*t. Suppose w = 7*s - 502 - 3684. What is the tens digit of s?
9
Let x = 72977 - 13868. What is the ten thousands digit of x?
5
Suppose 7*p = 5*p + 572. Let j(i) = 69*i**2 + 2*i - 5. Let f be j(-4). Suppose 9*z - f = p. What is the hundreds digit of z?
1
Let h(x) be the first derivative of x**2 + 59*x - 33. What is the tens digit of h(14)?
8
Suppose 7*h = 19*h - 180. What is the units digit of 9/h + 1794/10 + -1?
9
Let h = 8891 - 2220. What is the units digit of h?
1
Let a(m) = -m**3 - 9*m**2 + 8*m - 20. Let p be ((-4)/(-5))/((-11)/(-55)). Let k be (p/1)/4 - 12. What is the hundreds digit of a(k)?
1
Let b(c) = -c**3 + 3*c**2 + 5*c - 8. Let q be b(-9). Suppose -5*n + 1151 = 3*f, 4*n + 11*f = 8*f + q. What is the hundreds digit of n?
2
Let c(d) = -6*d + 268. Let s be c(0). Suppose 2*n - 3*u - 358 = 6*n, 3*n = -2*u - s. Let w = 13 - n. What is the tens digit of w?
0
Let j be (-18)/(-135)*-3 + (-622)/(-5). Suppose -2*c = 6 + 96. Let r = c + j. What is the tens digit of r?
7
Suppose 11*m - 20*m = -2*n - 166195, 4*m = 5*n + 73848. What is the ten thousands digit of m?
1
Suppose o - 80103 = 4*x, 5*o + 10*x = 288734 + 111631. What is the thousands digit of o?
0
Suppose -d = -v + 38491, 5*v + 30221 = -4*d + 222667. What is the units digit of v?
0
Let s = 18 - 13. Let b = -4 - s. What is the units digit of 2/b - (-3616)/72?
0
Let l(z) = z**2 - 7*z + 16. Suppose 2*w - 4*y - 49 - 53 = 0, 4*y = -w + 33. Let v = -38 + w. What is the units digit of l(v)?
6
Let m(t) = -214*t - 17. Suppose -37 + 55 = -6*a. What is the units digit of m(a)?
5
Let g be 6/21 - 4120/(-35). Suppose -10*j = -8*j - g. What is the units digit of j?
9
Let d(r) = r**3 + r**2 - 2*r - 2. Let o be d(-2). Let v = 16 + o. Suppose v = 2*l - 8. What is the tens digit of l?
1
Let j(y) = 2*y**3 + 2 - 7 - y**3 - 11*y + 18*y**2. Let o be j(-19). Let x = o - -223. What is the units digit of x?
6
Let d(x) = x**2 - 2*x - 5. Let n be d(3). Let l be 1/(n - -4) + (-415)/(-10). What is the units digit of (200/(-6))/((l/45)/(-7))?
0
Let k(g) = -g**3 + 3*g**2 + 2. Suppose -1 = -5*t + 14. Let n be k(t). Suppose -n*s + 91 = -s. What is the units digit of s?
1
Suppose -5562*h = -5545*h - 579683. What is the tens digit of h?
9
Let y(i) = -3*i**3 - 8*i**2 - 4*i + 105. What is the thousands digit of y(-15)?
8
Let w(i) = 17*i**2 - 34*i - 410. What is the hundreds digit of w(28)?
9
Suppose 11*x - 205495 = -11*x - 51*x. What is the thousands digit of x?
2
Let v(d) = -57*d + 3243. What is the thousands digit of v(-61)?
6
Let q = -56 + 60. Suppose 4*k - h - 624 = 0, 0*k - q*k - 2*h = -636. What is the units digit of k?
7
Let z = -231 - -235. What is the units digit of 262*1 - (z + (-12)/3)?
2
Let s be (-1)/1 + (-24)/60*-15. Suppose 3*w - 4*p = 1669, -s*w + 2*p = -0*p - 2763. What is the hundreds digit of w?
5
Let t(i) = -20*i + 14*i - 24 - 15*i + 3*i**2 - 4*i**2. Let o be t(-11). Let c = o + -10. What is the units digit of c?
6
Let c(q) = -q**2 + q + 186. Let j be c(14). Suppose -2*g + 341 = -2*t + 3753, -j*t + 6823 = -5*g. What is the thousands digit of t?
1
Suppose -2*h - 58*g = -54*g - 5624, -5*h = -4*g - 14046. Suppose 36*j - 26*j = h. What is the units digit of j?
1
Let x = -43 + 73. Suppose 5*i + x - 110 = 0. Let m(g) = -g**2 + 17*g + 15. What is the tens digit of m(i)?
3
Let i = -21 + 9271. What is the tens digit of i?
5
Suppose 2*l + 5*m = 4080, 3*l - 906*m + 909*m - 6102 = 0. What is the tens digit of l?
3
Let b be 3 - 2*((-66)/(-12) + -5). Let m(l) = 10*l**3 - 4*l**2 + 14*l - 7. What is the tens digit of m(b)?
8
Let d = -118 + 181. Suppose -360 + d = -3*y. What is the units digit of y?
9
Suppose -11*g + 78043 = -74245 + 22378. What is the hundreds digit of g?
8
Let w = -20068 - -61161. What is the tens digit of w?
9
Let b(y) = 16*y + 12*y + 19*y**2 - 9*y + 18 + 9. What is the hundreds digit of b(-6)?
5
What is the units digit of (-1998)/(-3330) - 2/(10/(-66567))?
4
Let g = -160 - -1740. Suppose 4*z + 0*n = -2*n + g, 0 = z - 5*n - 384. What is the tens digit of z?
9
Let z(n) = 22*n. Let v be z(4). What is the units digit of 8/5*(-8 + v)?
8
Let v = 69 - -13. Let o = v + -77. Suppose q + 5*a = 204, -o*a + 598 = 3*q + 16. What is the units digit of q?
9
What is the tens digit of 3 - (0 - -7) - 6/12*-87222?
0
Let i(h) = -57*h**2 + 33*h - 93. Let y be i(3). Let m = y - -1672. What is the thousands digit of m?
1
Let q(p) = 4*p + 52. Let d be q(-13). Suppose 5*k = d, -4*k + 4766 = 5*j - 644. What is the units digit of j?
2
Suppose d = 4*d - 5*v + 28, 4*d - 3*v + 19 = 0. Let x be 0/((d - 0/(-2)) + 0). Suppose x*t = 10*t - 930. What is the tens digit of t?
9
Suppose -5*q = -10, f - q + 10 = 3*f. Suppose 5*b + 11 = z - 16, b = f*z + 6. What is the tens digit of (-1000)/b - (70/(-15))/(-7)?
6
Let k = -228 - -233. Suppose 4*o - 144 - 32 = 4*f, -56 = -o - k*f. What is the tens digit of o?
4
Suppose 3*w = -4*b + 1696, 185*b = 181*b - 8. What is the tens digit of w?
6
Suppose -3*d + 3*n - 7989 = -0*d, 3*d + 7991 = n. What is the hundreds digit of ((-18)/(-12))/((-3)/d*4)?
3
Let w(m) = 31*m**3 + 6*m**2 - 40*m + 35. What is the hundreds digit of w(6)?
7
Let m = -43 + 34. Let x = m - -10. Suppose -q + 4 + x = 5*z, -q + 15 = -5*z. What is the tens digit of q?
1
Suppose -113 = g + 5*p - 2163, -3*p - 6096 = -3*g. Suppose g = 5*l - 3*l + 3*s, s = -l + 1018. What is the units digit of l?
9
Let c(k) = k**3 + 10*k**2 - 15*k - 43. Let v be c(-11). What is the tens digit of -66*(-3 - v - 170/15)?
1
Let x(n) = 8*n + 1. Suppose -3*s = -4*j - 7, j = -6*s + 5*s. Let i be x(s). What is the units digit of (i/2 + -2)/(1/22)?
5
Suppose 6*d - 2*d = 9276. Suppose -10*l = -d - 1811. What is the units digit of l?
3
Let w be -1 + 1/3 + (-238)/(-357). Suppose w = i - 457 - 159. What is the units digit of i?
6
Suppose 4*h - 6*h + 56 = g, 3*g - 175 = h. Suppose q = z + 8 - 56, -z = -3*q - g. What is the tens digit of z?
4
Let d(h) = 15*h - 4. Let u be d(1). Suppose -2 = -u*k + 9*k. What is the units digit of (5/(-10))/(k/(-296))?
8
Let p(u) = 3*u**3 - 6*u**2 - 109*u - 112. What is the tens digit of p(28)?
8
Let o(y) = 17*y**2 + 2*y + 2. Let j be o(-1). Let w(c) = 50*c - 107. What is the tens digit of w(j)?
4
Let c = -16667 - -301